be b(-1). Calculate the greatest common divisor of q and 223.
1
Let w = 7879 - 7792. Calculate the highest common factor of 11426 and w.
29
Suppose 0 = 3*x + 61*l - 65*l - 6731, -5*l + 4472 = 2*x. Calculate the greatest common factor of x and 27.
27
Suppose -1845 = w - 6*w. Let k = w - 302. Calculate the greatest common factor of k and 335.
67
Let r = 15240 + -15016. Calculate the greatest common divisor of 256 and r.
32
Suppose 14*d = -170*d + 2*d + 1263626. What is the greatest common factor of 106 and d?
53
Suppose -97*o + 99*o + 10 = 0. Let b be 90/(-25)*o/2. Suppose -4*z - 2*y - 3 = -11, -3*y = -3*z + 15. What is the greatest common factor of z and b?
3
Let v be (-27)/(-3) - 0/2. Let m be (-1)/((-4)/(140 - 8)). Let i be 6/m*-1 - 9516/(-66). Calculate the greatest common factor of i and v.
9
Let a(o) = o**3 - 9*o**2 - 7*o + 17. Let b be a(10). Let s = b - 35. Calculate the highest common divisor of s and 126.
6
Suppose 444*y + 786161 = 507*y - 912571. What is the greatest common divisor of y and 42?
42
Let n be (-36)/(-216) - (-3091)/(-6). Let v = 740 + n. Calculate the greatest common factor of 30 and v.
15
Let g = -14688 + 14702. Suppose j - i = 152, 3*j - 22 - 446 = -3*i. What is the greatest common factor of g and j?
14
Let w = -15 + 57. Let d = 46 - w. Suppose 0 = -d*u + 32 + 8. What is the greatest common divisor of u and 40?
10
Suppose 0 = 2*l - x, 4*x - 2 = 5*l + 4. Let s(d) = 2*d**3 - 2*d**2 - 4*d. Let m be s(3). Suppose -l*h = h - m. What is the highest common factor of h and 16?
8
Let r(p) = p**2 + 13*p + 27. Let y be r(-11). Let t be y/12*3*808. Let g be 4/26 - t*2/(-52). What is the highest common divisor of 26 and g?
13
Let m(t) = 5*t**2 + 9*t - 13. Suppose p + 3*l + 0 = 1, 5*l + 1 = -p. Let q be m(p). Let j = q - 34. Calculate the highest common divisor of j and 23.
23
Suppose -94*n + 96*n - 22 = 0. Suppose -2659 = -5*i - 624. Calculate the greatest common factor of i and n.
11
Let y be 49/(-3)*(0 - 3). Let p be (84/4)/(-3 + (9 - 3)). Calculate the highest common divisor of y and p.
7
Let c(n) = n**3 + 14*n**2 - 18*n - 12. Let f be c(-15). Let m(s) = -s - 1. Let v be m(-12). Calculate the highest common divisor of f and v.
11
Suppose 3060 = 29*l - 11*l. Suppose -q = 154 - l. What is the highest common divisor of q and 32?
16
Let z = -423 + 428. Suppose -309 = -4*f + 5*t, -6*f + 5*t + 96 = -z*f. Calculate the highest common factor of f and 1.
1
Let y(i) = -i + 4. Let m be y(6). Let x be m + 2 - (-2)/(-2). Let f be (-98*(-3)/(-6))/x. What is the highest common factor of 49 and f?
49
Let d be (384/56)/((-3)/(-378)). What is the highest common factor of d and 54?
54
Let u = -33 - -45. Let g = -54 + u. Let k = 58 + g. Calculate the highest common factor of k and 112.
16
Let u(w) = 168 - 6*w - 287 - 8*w. Let x be u(-19). Calculate the highest common divisor of x and 3.
3
Let h = 38483 + -13751. Calculate the greatest common factor of h and 18.
18
Let j be (1824/(-266))/(312/105 - 3). Let f = -643 + 651. Calculate the greatest common divisor of f and j.
8
Suppose 5*c - 163 = x, -1268 + 1277 = -3*x. Suppose -3*g + 589 = -1043. What is the highest common divisor of g and c?
32
Suppose -15 = 3*h, -4*o - 5*h + 16 = -h. Suppose -o*i + 2460 = -3*i. Calculate the highest common factor of 10 and i.
10
Let n = 13482 + -13434. Suppose 5*j = t - 176, 0*j + 704 = 4*t - 4*j. Calculate the highest common divisor of n and t.
16
Suppose 253*b + 51552 = 269*b. What is the highest common divisor of b and 9?
9
Let r be 0 + -1 + -9 + 12. Suppose 2*o - 98 = 2*s, 5*o - r*s + 50 = 286. What is the highest common factor of 2 and o?
2
Let w = 136 - 110. Let h(j) = -j**2 - 16*j + 20. Let u be h(-16). Suppose -3*d - u = -98. What is the highest common divisor of d and w?
26
Let u = 550 + -443. Calculate the highest common divisor of 28997 and u.
107
Let z(c) = -c - 4. Let y be z(-6). Let a be (-186)/155*(-5)/y. Calculate the highest common factor of 48 and a.
3
Let t(i) = -67*i**3 - 3*i**2 - 6*i - 2. Let m be t(-1). Suppose -912 = 60*d - m*d. Calculate the highest common divisor of 12 and d.
6
Let y be ((-120)/(-1))/(-14 - (6 - 22)). Calculate the greatest common factor of 4670 and y.
10
Let r be 4 + (2 - (-4 + 8)). Let s = 595 + -593. Calculate the greatest common factor of s and r.
2
Let q be 15/(-12) - (-200)/32. Let a = 119 - q. Calculate the greatest common factor of a and 12.
6
Let x be (32 - -10 - 171)*(-7)/3. Let r be 7*(-2)/(-1 + -1). Calculate the greatest common factor of r and x.
7
Let m(z) = z**3 + 3*z + 3. Let g be m(-2). Let s = g - -15. Let i be ((-111)/(-148) + (-1)/(-4))*44. Calculate the highest common divisor of i and s.
4
Let g be ((-96)/(-15))/2*(-184125)/(-982). Calculate the highest common factor of 376 and g.
8
Suppose -2*o = -a - 5*o + 19, 3*a - 47 = o. Let g be (1 - (0 + -1))/(176/(-5016)). Let r be 190/g*72/(-10). What is the greatest common divisor of a and r?
8
Suppose 3*c = -3*o, -3*o - 10 = -2*c - 0*o. Suppose -c*v - 445 + 29 = -x, -2*v - 834 = -2*x. What is the highest common factor of 22 and x?
22
Let t(k) = 2*k + 39. Let b be t(-24). Let r be (2 - 1) + b/12*-12. Calculate the highest common divisor of 25 and r.
5
Suppose 6380 = -6*p + 52*p + 9*p. What is the greatest common factor of 12 and p?
4
Let j be (0 - (-1414 - -11))*2. Calculate the highest common divisor of j and 46.
46
Let z = 6632 + -6284. Calculate the highest common divisor of z and 132.
12
Let y = 2826 + -1773. What is the greatest common factor of 39 and y?
39
Suppose 4*l - 170 = 4214*s - 4212*s, l + 4*s - 56 = 0. What is the greatest common factor of 6644 and l?
44
Suppose 5*q = 5*l - 5, -6*q + l - 1 = -8*q. Suppose 148*z - 153*z + 160 = q. Let r = -520 + 872. Calculate the highest common divisor of r and z.
32
Let k = 13 + -11. Suppose 2*o + 3*r = 7, -r = -k*o - 0*o - 13. Let w(d) = 2*d + 13. Let h be w(o). What is the highest common factor of h and 25?
5
Let y(h) = 2*h**3 + h**2 + 55*h + 20. Let b be y(15). What is the greatest common factor of 40 and b?
20
Let r(x) = 2*x**2 - 52*x + 452. Let p be r(7). What is the highest common divisor of 1488 and p?
186
Let f be ((-24)/(-18))/(508/6477). Let j(a) = -a**2 + 4*a + 6. Let x be j(5). What is the greatest common divisor of f and x?
1
Let l be (1196/65 - 10)*185. What is the greatest common divisor of 378 and l?
42
Let k be 3/(-5) + 192/20. Let b(d) = -k - 6 - 4*d + 8 + 8*d. Let q be b(2). Calculate the highest common divisor of q and 4.
1
Let s(o) = -82175*o + 164344*o + 9 - 82172*o. Let x be ((-6)/2)/(6/4). Let d be s(x). Calculate the greatest common factor of 20 and d.
5
Let k = 371 - 182. Let j(s) = -s**2 + 4*s + 259. Let l be j(18). Suppose -21*w + 378 = -l*w. Calculate the highest common divisor of k and w.
27
Suppose -1487906 = -121*q + 530132. What is the greatest common factor of 31 and q?
31
Let f = -105 + 93. Let q be 1/(-5 + (-64)/f). Calculate the greatest common factor of q and 12.
3
Let x be ((-6)/5)/(6/(-20)). Suppose -p + 10 = x*p. Suppose 7*w = 3*s + 2*w - 399, -3*w = p*s - 266. What is the highest common factor of 19 and s?
19
Let r(s) = -s**2 + 8*s + 4. Let g be r(8). Let f be (-1)/g - (-19056)/192. What is the highest common factor of 22 and f?
11
Let t(s) = 10*s - 31 - 2*s + 46 + 41. Let h be t(0). Calculate the greatest common factor of 84 and h.
28
Let f = 752 + -722. Suppose f*s - 28*s - 70 = 0. Calculate the greatest common divisor of s and 55.
5
Suppose -5*h + 1165 = -5*n, 4*h = -2*n - 233 + 1147. What is the highest common factor of 610 and h?
10
Let g be 876/(-3)*((-1302)/140 - 2/10). What is the highest common factor of 146 and g?
146
Suppose -28*c + 1279 + 1101 = 0. Let w = c - -53. Calculate the greatest common factor of 322 and w.
46
Let j(a) = -2 + 26 - 3 - 18*a + 18. Let b be j(1). Let q(d) = d**2 + 2*d + 4. Let x be q(-3). What is the highest common divisor of x and b?
7
Let d = -17 - -19. Let a be (0 - -1) + 32 + (19 - 15). Calculate the greatest common divisor of a and d.
1
Let x = -33 - -57. Let m = x + -18. Suppose m*d = d + 115. What is the highest common divisor of d and 23?
23
Let a = 6078 - 5949. Calculate the greatest common factor of 602 and a.
43
Let i be 1020/330 - 3/33. Calculate the greatest common factor of 12528 and i.
3
Suppose -6 = -3*l, -4*u + 6*u +